is the tens digit of 2812?
1
What is the hundreds digit of 6596?
5
What is the tens digit of 13326?
2
What is the units digit of 51635?
5
What is the hundreds digit of 20242?
2
What is the units digit of 39259?
9
What is the units digit of 1787?
7
What is the tens digit of 6120?
2
What is the units digit of 505?
5
What is the hundreds digit of 7840?
8
What is the units digit of 6108?
8
What is the thousands digit of 3327?
3
What is the ten thousands digit of 39667?
3
What is the units digit of 805?
5
What is the thousands digit of 37743?
7
What is the hundreds digit of 61377?
3
What is the hundreds digit of 3736?
7
What is the units digit of 500?
0
What is the hundreds digit of 789?
7
What is the tens digit of 169867?
6
What is the hundreds digit of 1339?
3
What is the thousands digit of 23789?
3
What is the thousands digit of 41650?
1
What is the tens digit of 1043?
4
What is the ten thousands digit of 27247?
2
What is the units digit of 48566?
6
What is the hundreds digit of 5919?
9
What is the units digit of 4060?
0
What is the hundreds digit of 4951?
9
What is the hundreds digit of 7422?
4
What is the hundreds digit of 356?
3
What is the tens digit of 2509?
0
What is the hundreds digit of 3491?
4
What is the units digit of 6074?
4
What is the hundreds digit of 849?
8
What is the tens digit of 33546?
4
What is the hundreds digit of 849?
8
What is the hundred thousands digit of 196465?
1
What is the units digit of 34707?
7
What is the thousands digit of 5306?
5
What is the ten thousands digit of 18323?
1
What is the tens digit of 8728?
2
What is the hundreds digit of 15574?
5
What is the thousands digit of 21395?
1
What is the hundreds digit of 706?
7
What is the hundreds digit of 53196?
1
What is the tens digit of 243?
4
What is the tens digit of 10?
1
What is the ten thousands digit of 38913?
3
What is the units digit of 36713?
3
What is the thousands digit of 98862?
8
What is the tens digit of 43420?
2
What is the units digit of 5569?
9
What is the tens digit of 22?
2
What is the hundreds digit of 7449?
4
What is the units digit of 79243?
3
What is the hundreds digit of 9265?
2
What is the units digit of 1099?
9
What is the units digit of 675?
5
What is the ten thousands digit of 50724?
5
What is the units digit of 722?
2
What is the thousands digit of 1841?
1
What is the tens digit of 2679?
7
What is the units digit of 5390?
0
What is the hundreds digit of 16427?
4
What is the units digit of 1769?
9
What is the units digit of 14885?
5
What is the tens digit of 44331?
3
What is the thousands digit of 5513?
5
What is the hundreds digit of 1343?
3
What is the hundreds digit of 5490?
4
What is the hundreds digit of 911?
9
What is the tens digit of 30472?
7
What is the units digit of 17424?
4
What is the units digit of 3390?
0
What is the units digit of 122585?
5
What is the thousands digit of 91876?
1
What is the tens digit of 9153?
5
What is the hundreds digit of 30987?
9
What is the hundreds digit of 21059?
0
What is the tens digit of 3007?
0
What is the units digit of 892?
2
What is the tens digit of 983?
8
What is the thousands digit of 1564?
1
What is the units digit of 1331?
1
What is the tens digit of 809?
0
What is the tens digit of 2323?
2
What is the units digit of 839?
9
What is the ten thousands digit of 121585?
2
What is the tens digit of 16?
1
What is the units digit of 50654?
4
What is the ten thousands digit of 12925?
1
What is the tens digit of 13694?
9
What is the units digit of 40292?
2
What is the hundreds digit of 6067?
0
What is the tens digit of 2430?
3
What is the units digit of 18045?
5
What is the ten thousands digit of 14893?
1
What is the units digit of 756?
6
What is the hundreds digit of 1649?
6
What is the hundreds digit of 842?
8
What is the ten thousands digit of 10258?
1
What is the hundreds digit of 784?
7
What is the tens digit of 528?
2
What is the units digit of 431?
1
What is the units digit of 1362?
2
What is the ten thousands digit of 14349?
1
What is the ten thousands digit of 16986?
1
What is the hundreds digit of 786?
7
What is the hundreds digit of 873?
8
What is the ten thousands digit of 39485?
3
What is the thousands digit of 6939?
6
What is the units digit of 1043?
3
What is the units digit of 1999?
9
What is the hundreds digit of 85734?
7
What is the hundreds digit of 2328?
3
What is the tens digit of 627?
2
What is the thousands digit of 2294?
2
What is the tens digit of 726?
2
What is the tens digit of 29?
2
What is the hundreds digit of 743?
7
What is the thousands digit of 4572?
4
What is the tens digit of 1915?
1
What is the hundreds digit of 7002?
0
What is the tens digit of 39278?
7
What is the tens digit of 29861?
6
What is the units digit of 170?
0
What is the tens digit of 14778?
7
What is the ten thousands digit of 13033?
1
What is the hundreds digit of 1280?
2
What is the tens digit of 2118?
1
What is the tens digit of 10150?
5
What is the hundreds digit of 907?
9
What is the tens digit of 5806?
0
What is the units digit of 18430?
0
What is the units digit of 12093?
3
What is the units digit of 90?
0
What is the units digit of 1956?
6
What is the units digit of 2872?
2
What is the tens digit of 848?
4
What is the thousands digit of 1811?
1
What is the tens digit of 124660?
6
What is the units digit of 12851?
1
What is the tens digit of 8455?
5
What is the hundreds digit of 15278?
2
What is the thousands digit of 3101?
3
What is the tens digit of 1924?
2
What is the units digit of 7936?
6
What is the hundreds digit of 1485?
4
What is the ten thousands digit of 10393?
1
What is the units digit of 7605?
5
What is the units digit of 533?
3
What is the units digit of 836?
6
What is the units digit of 17879?
9
What is the units digit of 1090?
0
What is the thousands digit of 1258?
1
What is the tens digit of 1802?
0
What is the units digit of 4635?
5
What is the hundreds digit of 4801?
8
What is the units digit of 3280?
0
What is the tens digit of 1334?
3
What is the hundreds digit of 581?
5
What is the thousands digit of 4044?
4
What is the tens digit of 33930?
3
What is the tens digit of 3177?
7
What is the units digit of 818?
8
What is the hundreds digit of 596?
5
What is the hundreds digit of 1998?
9
What is the tens digit of 2726?
2
What is the tens digit of 60?
6
What is the hundreds digit of 6900?
9
What is the tens digit of 79?
7
What is the hundreds digit of 60044?
0
What is the tens digit of 163213?
1
What is the tens digit of 934?
3
What is the thousands digit of 1195?
1
What is the units digit of 25?
5
What is the units digit of 7411?
1
What is the tens digit of 3041?
4
What is the ten thousands digit of 25187?
2
What is the units digit of 6560?
0
What is the thousands digit of 3236?
3
What is the units digit of 8268?
8
What is the hundreds digit of 1092?
0
What is the hundreds digit of 1033?
0
What is the hundreds digit of 102514?
5
What is the hundreds digit of 132?
1
What is the units digit of 4989?
9
What is the tens digit of 113732?
3
What is the thousands digit of 7140?
7
What is the ten thousands digit of 15414?
1
What is the units digit of 20540?
0
What is the hundreds digit of 650?
6
What is the hundreds digit of 4730?
7
What is the units digit of 457?
7
What is the tens digit of 493?
9
What is the units digit of 22441?
1
What is the units digit of 823?
3
What is the units digit of 20340?
0
What is the hundreds digit of 20210?
2
What is the tens digit of 10955?
5
What is the units digit of 43094?
4
What is the tens digit of 2402?
0
What is the tens digit of 910?
1
What is the ten thousands digit of 107350?
0
What is the thousands digit of 2485?
2
What is the units digit of 3104?
4
What is the thousands digit of 1955?
1
What is the thousands digit of 9435?
9
What is the units digit of 56078?
8
What is the units digit of 58573?
3
What is the thousands digit of 9165?
9
What is the tens digit of 44351?
5
What is the thousands digit of 94808?
4
What is the tens digit of 576?
7
What is the tens digit of 800?
0
What is the thousands digit of 9248?
9
What is the units digit of 41061?
1
What is the units digit of 15422?
2
What is the tens digit of 4169?
6
What is the tens digit of 37838?
3
What is the hundreds digit of 21230?
2
What is the thousands digit of 1331?
1
Wha